{"id":1108,"date":"2024-05-05T09:21:55","date_gmt":"2024-05-05T13:21:55","guid":{"rendered":"https:\/\/www.casamercado.store\/anzoategui\/producto\/ron-cacique-500-anos-0-75l-x2-unidades\/"},"modified":"2025-11-26T14:01:10","modified_gmt":"2025-11-26T18:01:10","slug":"ron-cacique-500-anos-0-75l-x2-unidades","status":"publish","type":"product","link":"https:\/\/www.casamercado.store\/anzoategui\/producto\/ron-cacique-500-anos-0-75l-x2-unidades\/","title":{"rendered":"Ron Cacique 500 a\u00f1os 0.75L X2 unidades"},"content":{"rendered":"<p>Es una combinaci\u00f3n de rones de car\u00e1cter ligero y rones de hasta 8 a\u00f1os de a\u00f1ejamiento en barricas de roble.<\/p>\n","protected":false},"excerpt":{"rendered":"<p>Ideal para cocteler\u00eda y mezclas<\/p>\n","protected":false},"featured_media":2309,"template":"","meta":[],"product_cat":[299,301],"product_tag":[312],"class_list":{"0":"post-1108","1":"product","2":"type-product","3":"status-publish","4":"has-post-thumbnail","6":"product_cat-licoreria","7":"product_cat-rones","8":"product_tag-cacique","9":"pa_marca-diageo","11":"first","12":"instock","13":"shipping-taxable","14":"purchasable","15":"product-type-simple"},"_links":{"self":[{"href":"https:\/\/www.casamercado.store\/anzoategui\/wp-json\/wp\/v2\/product\/1108"}],"collection":[{"href":"https:\/\/www.casamercado.store\/anzoategui\/wp-json\/wp\/v2\/product"}],"about":[{"href":"https:\/\/www.casamercado.store\/anzoategui\/wp-json\/wp\/v2\/types\/product"}],"wp:featuredmedia":[{"embeddable":true,"href":"https:\/\/www.casamercado.store\/anzoategui\/wp-json\/wp\/v2\/media\/2309"}],"wp:attachment":[{"href":"https:\/\/www.casamercado.store\/anzoategui\/wp-json\/wp\/v2\/media?parent=1108"}],"wp:term":[{"taxonomy":"product_cat","embeddable":true,"href":"https:\/\/www.casamercado.store\/anzoategui\/wp-json\/wp\/v2\/product_cat?post=1108"},{"taxonomy":"product_tag","embeddable":true,"href":"https:\/\/www.casamercado.store\/anzoategui\/wp-json\/wp\/v2\/product_tag?post=1108"}],"curies":[{"name":"wp","href":"https:\/\/api.w.org\/{rel}","templated":true}]}}