{"id":282,"date":"2024-05-04T12:16:15","date_gmt":"2024-05-04T16:16:15","guid":{"rendered":"https:\/\/www.casamercado.store\/anzoategui\/producto\/harina-pan-de-maiz-blanco-1kg-promo\/"},"modified":"2026-05-09T13:37:23","modified_gmt":"2026-05-09T17:37:23","slug":"harina-pan-de-maiz-blanco-1kg-promo","status":"publish","type":"product","link":"https:\/\/www.casamercado.store\/anzoategui\/producto\/harina-pan-de-maiz-blanco-1kg-promo\/","title":{"rendered":"Harina Pan de Ma\u00edz Blanco 1Kg PROMO"},"content":{"rendered":"<p>Aprovecha nuestra promoci\u00f3n especial en la Harina de Ma\u00edz Blanco PAN 1Kg. La tradici\u00f3n venezolana con un precio irresistible. Env\u00eda esta oferta a tus seres queridos y comparte el sabor aut\u00e9ntico a un precio incre\u00edble.<\/p>\n","protected":false},"excerpt":{"rendered":"<p>\u00a1Tradici\u00f3n en oferta! Harina de ma\u00edz blanco en promoci\u00f3n.<\/p>\n","protected":false},"featured_media":1385,"template":"","meta":[],"product_cat":[16,17],"product_tag":[41,84],"class_list":{"0":"post-282","1":"product","2":"type-product","3":"status-publish","4":"has-post-thumbnail","6":"product_cat-alimentos","7":"product_cat-despensa","8":"product_tag-harinas","9":"product_tag-promo-flash","10":"pa_marca-alimentos-polar","12":"first","13":"instock","14":"sale","15":"featured","16":"sold-individually","17":"shipping-taxable","18":"purchasable","19":"product-type-simple"},"_links":{"self":[{"href":"https:\/\/www.casamercado.store\/anzoategui\/wp-json\/wp\/v2\/product\/282"}],"collection":[{"href":"https:\/\/www.casamercado.store\/anzoategui\/wp-json\/wp\/v2\/product"}],"about":[{"href":"https:\/\/www.casamercado.store\/anzoategui\/wp-json\/wp\/v2\/types\/product"}],"wp:featuredmedia":[{"embeddable":true,"href":"https:\/\/www.casamercado.store\/anzoategui\/wp-json\/wp\/v2\/media\/1385"}],"wp:attachment":[{"href":"https:\/\/www.casamercado.store\/anzoategui\/wp-json\/wp\/v2\/media?parent=282"}],"wp:term":[{"taxonomy":"product_cat","embeddable":true,"href":"https:\/\/www.casamercado.store\/anzoategui\/wp-json\/wp\/v2\/product_cat?post=282"},{"taxonomy":"product_tag","embeddable":true,"href":"https:\/\/www.casamercado.store\/anzoategui\/wp-json\/wp\/v2\/product_tag?post=282"}],"curies":[{"name":"wp","href":"https:\/\/api.w.org\/{rel}","templated":true}]}}