{"id":293,"date":"2024-05-04T12:16:37","date_gmt":"2024-05-04T16:16:37","guid":{"rendered":"https:\/\/www.casamercado.store\/anzoategui\/producto\/harina-integral-semillas-nutritivas-pan-500g\/"},"modified":"2026-01-11T12:23:15","modified_gmt":"2026-01-11T16:23:15","slug":"harina-integral-semillas-nutritivas-pan-500g","status":"publish","type":"product","link":"https:\/\/www.casamercado.store\/anzoategui\/producto\/harina-integral-semillas-nutritivas-pan-500g\/","title":{"rendered":"Harina Integral Semillas Nutritivas Pan 500g"},"content":{"rendered":"<p>Combina nutrici\u00f3n y sabor con nuestra Harina Integral Semillas Nutritivas 500g. La opci\u00f3n saludable para tus preparaciones. Env\u00eda esta harina a tus seres queridos y promueve un estilo de vida balanceado con el aut\u00e9ntico toque venezolano.<\/p>\n","protected":false},"excerpt":{"rendered":"<p>Mezcla de semillas nutritivas Chia Negra, Ajonjol\u00ed y Quinoa Roja<\/p>\n","protected":false},"featured_media":1397,"template":"","meta":[],"product_cat":[16,17],"product_tag":[41,38],"class_list":{"0":"post-293","1":"product","2":"type-product","3":"status-publish","4":"has-post-thumbnail","6":"product_cat-alimentos","7":"product_cat-despensa","8":"product_tag-harinas","9":"product_tag-reposteria","10":"pa_marca-alimentos-polar","12":"first","13":"instock","14":"shipping-taxable","15":"purchasable","16":"product-type-simple"},"_links":{"self":[{"href":"https:\/\/www.casamercado.store\/anzoategui\/wp-json\/wp\/v2\/product\/293"}],"collection":[{"href":"https:\/\/www.casamercado.store\/anzoategui\/wp-json\/wp\/v2\/product"}],"about":[{"href":"https:\/\/www.casamercado.store\/anzoategui\/wp-json\/wp\/v2\/types\/product"}],"wp:featuredmedia":[{"embeddable":true,"href":"https:\/\/www.casamercado.store\/anzoategui\/wp-json\/wp\/v2\/media\/1397"}],"wp:attachment":[{"href":"https:\/\/www.casamercado.store\/anzoategui\/wp-json\/wp\/v2\/media?parent=293"}],"wp:term":[{"taxonomy":"product_cat","embeddable":true,"href":"https:\/\/www.casamercado.store\/anzoategui\/wp-json\/wp\/v2\/product_cat?post=293"},{"taxonomy":"product_tag","embeddable":true,"href":"https:\/\/www.casamercado.store\/anzoategui\/wp-json\/wp\/v2\/product_tag?post=293"}],"curies":[{"name":"wp","href":"https:\/\/api.w.org\/{rel}","templated":true}]}}