{"id":342,"date":"2024-05-04T12:18:54","date_gmt":"2024-05-04T16:18:54","guid":{"rendered":"https:\/\/www.casamercado.store\/anzoategui\/producto\/nido-forticrece-alimento-lacteo-en-polvo-enriquecido-800g\/"},"modified":"2026-01-11T12:23:30","modified_gmt":"2026-01-11T16:23:30","slug":"nido-forticrece-alimento-lacteo-en-polvo-enriquecido-800g","status":"publish","type":"product","link":"https:\/\/www.casamercado.store\/anzoategui\/producto\/nido-forticrece-alimento-lacteo-en-polvo-enriquecido-800g\/","title":{"rendered":"NIDO Forticrece Alimento L\u00e1cteo en Polvo Enriquecido 800g"},"content":{"rendered":"<p>El hierro contribuye con el desarrollo cognitivo del ni\u00f1o, mientras que las vitaminas A y D3 ayudan a fortalecer el sistema inmune.<\/p>\n","protected":false},"excerpt":{"rendered":"<p>Es un alimento l\u00e1cteo cuyo primer ingrediente es leche, enriquecido con Hierro, Vitaminas A  y D3, est\u00e1 dise\u00f1ado para complementar los requerimientos energ\u00e9ticos y nutricionales de tu hijo.<\/p>\n","protected":false},"featured_media":1464,"template":"","meta":[],"product_cat":[16,17],"product_tag":[34,21,53],"class_list":{"0":"post-342","1":"product","2":"type-product","3":"status-publish","4":"has-post-thumbnail","6":"product_cat-alimentos","7":"product_cat-despensa","8":"product_tag-bebidas-en-polvo","9":"product_tag-lacteos-y-derivados","10":"product_tag-nutricion-infantil","11":"pa_marca-nestle","13":"first","14":"instock","15":"shipping-taxable","16":"purchasable","17":"product-type-simple"},"_links":{"self":[{"href":"https:\/\/www.casamercado.store\/anzoategui\/wp-json\/wp\/v2\/product\/342"}],"collection":[{"href":"https:\/\/www.casamercado.store\/anzoategui\/wp-json\/wp\/v2\/product"}],"about":[{"href":"https:\/\/www.casamercado.store\/anzoategui\/wp-json\/wp\/v2\/types\/product"}],"wp:featuredmedia":[{"embeddable":true,"href":"https:\/\/www.casamercado.store\/anzoategui\/wp-json\/wp\/v2\/media\/1464"}],"wp:attachment":[{"href":"https:\/\/www.casamercado.store\/anzoategui\/wp-json\/wp\/v2\/media?parent=342"}],"wp:term":[{"taxonomy":"product_cat","embeddable":true,"href":"https:\/\/www.casamercado.store\/anzoategui\/wp-json\/wp\/v2\/product_cat?post=342"},{"taxonomy":"product_tag","embeddable":true,"href":"https:\/\/www.casamercado.store\/anzoategui\/wp-json\/wp\/v2\/product_tag?post=342"}],"curies":[{"name":"wp","href":"https:\/\/api.w.org\/{rel}","templated":true}]}}