{"id":477,"date":"2024-05-04T12:23:18","date_gmt":"2024-05-04T16:23:18","guid":{"rendered":"https:\/\/www.casamercado.store\/anzoategui\/producto\/te-flores-de-manzanilla-con-sabor-a-limon-y-miel-mccormick-20-unidades\/"},"modified":"2026-02-21T21:16:48","modified_gmt":"2026-02-22T01:16:48","slug":"te-flores-de-manzanilla-con-sabor-a-limon-y-miel-mccormick-20-unidades","status":"publish","type":"product","link":"https:\/\/www.casamercado.store\/anzoategui\/producto\/te-flores-de-manzanilla-con-sabor-a-limon-y-miel-mccormick-20-unidades\/","title":{"rendered":"T\u00e9 Flores de Manzanilla con Sabor a Lim\u00f3n y Miel McCormick 20 unidades"},"content":{"rendered":"<p>Es un antiinflamatorio. Ayuda a aliviar los procesos de inflamaci\u00f3n tanto tom\u00e1ndola o us\u00e1ndola externamente. Tiene propiedades antimicrobianas y fungicidas. Se le utiliza para hacer g\u00e1rgaras cuando hay problemas de garganta y de enc\u00edas. Ayuda con la cicatrizaci\u00f3n. Ayuda con problemas digestivos. Es calmante y tranquilizante, act\u00faa como un sedante suave. Se le usa en caso de irritabilidad, tristeza y ansiedad. Ayuda a controlar el eczema y las hemorroides. Facilita la menstruaci\u00f3n y ayuda a eliminar sus molestias. En cosm\u00e9tica, se le usa para aclarar el pelo, descongestionar la piel y calmar irritaciones. Es un diur\u00e9tico suave. Ayuda con la gota, artritis y sinusitis. Ayuda con problemas de asma y gripes.<\/p>\n","protected":false},"excerpt":{"rendered":"<p>Infisu\u00f3n de Manzanilla<\/p>\n","protected":false},"featured_media":1622,"template":"","meta":[],"product_cat":[16,17],"product_tag":[33],"class_list":{"0":"post-477","1":"product","2":"type-product","3":"status-publish","4":"has-post-thumbnail","6":"product_cat-alimentos","7":"product_cat-despensa","8":"product_tag-cafe-y-te","9":"pa_marca-mccormick","11":"first","12":"instock","13":"shipping-taxable","14":"purchasable","15":"product-type-simple"},"_links":{"self":[{"href":"https:\/\/www.casamercado.store\/anzoategui\/wp-json\/wp\/v2\/product\/477"}],"collection":[{"href":"https:\/\/www.casamercado.store\/anzoategui\/wp-json\/wp\/v2\/product"}],"about":[{"href":"https:\/\/www.casamercado.store\/anzoategui\/wp-json\/wp\/v2\/types\/product"}],"wp:featuredmedia":[{"embeddable":true,"href":"https:\/\/www.casamercado.store\/anzoategui\/wp-json\/wp\/v2\/media\/1622"}],"wp:attachment":[{"href":"https:\/\/www.casamercado.store\/anzoategui\/wp-json\/wp\/v2\/media?parent=477"}],"wp:term":[{"taxonomy":"product_cat","embeddable":true,"href":"https:\/\/www.casamercado.store\/anzoategui\/wp-json\/wp\/v2\/product_cat?post=477"},{"taxonomy":"product_tag","embeddable":true,"href":"https:\/\/www.casamercado.store\/anzoategui\/wp-json\/wp\/v2\/product_tag?post=477"}],"curies":[{"name":"wp","href":"https:\/\/api.w.org\/{rel}","templated":true}]}}