{"id":572,"date":"2024-05-04T12:26:24","date_gmt":"2024-05-04T16:26:24","guid":{"rendered":"https:\/\/www.casamercado.store\/anzoategui\/producto\/tomates-pelados-mary-800g\/"},"modified":"2026-01-11T12:26:21","modified_gmt":"2026-01-11T16:26:21","slug":"tomates-pelados-mary-800g","status":"publish","type":"product","link":"https:\/\/www.casamercado.store\/anzoategui\/producto\/tomates-pelados-mary-800g\/","title":{"rendered":"Tomates Pelados Mary 800g"},"content":{"rendered":"<p>Puro, fresco y cosechado en su punto ideal, los tomates son tra\u00eddos desde Italia, manteniendo todos los est\u00e1ndares de calidad y la tradicional receta de conservaci\u00f3n natural. Ideal para preparar Pizzas, salsas y hasta mermeladas.\u00a0<\/p>\n","protected":false},"excerpt":{"rendered":"<p>Tomate de calidad y de conservaci\u00f3n natural. ideal para preparar pizzas. salsas y hasta mermelada<\/p>\n","protected":false},"featured_media":1722,"template":"","meta":[],"product_cat":[16,17],"product_tag":[25,40,28],"class_list":{"0":"post-572","1":"product","2":"type-product","3":"status-publish","4":"has-post-thumbnail","6":"product_cat-alimentos","7":"product_cat-despensa","8":"product_tag-enlatados","9":"product_tag-salsas-y-aderezos","10":"product_tag-vegetales","11":"pa_marca-alimentos-mary","13":"first","14":"instock","15":"shipping-taxable","16":"purchasable","17":"product-type-simple"},"_links":{"self":[{"href":"https:\/\/www.casamercado.store\/anzoategui\/wp-json\/wp\/v2\/product\/572"}],"collection":[{"href":"https:\/\/www.casamercado.store\/anzoategui\/wp-json\/wp\/v2\/product"}],"about":[{"href":"https:\/\/www.casamercado.store\/anzoategui\/wp-json\/wp\/v2\/types\/product"}],"wp:featuredmedia":[{"embeddable":true,"href":"https:\/\/www.casamercado.store\/anzoategui\/wp-json\/wp\/v2\/media\/1722"}],"wp:attachment":[{"href":"https:\/\/www.casamercado.store\/anzoategui\/wp-json\/wp\/v2\/media?parent=572"}],"wp:term":[{"taxonomy":"product_cat","embeddable":true,"href":"https:\/\/www.casamercado.store\/anzoategui\/wp-json\/wp\/v2\/product_cat?post=572"},{"taxonomy":"product_tag","embeddable":true,"href":"https:\/\/www.casamercado.store\/anzoategui\/wp-json\/wp\/v2\/product_tag?post=572"}],"curies":[{"name":"wp","href":"https:\/\/api.w.org\/{rel}","templated":true}]}}