{"id":755,"date":"2024-05-04T12:32:22","date_gmt":"2024-05-04T16:32:22","guid":{"rendered":"https:\/\/www.casamercado.store\/anzoategui\/producto\/nescafe-tradicion-85g\/"},"modified":"2026-04-17T11:18:30","modified_gmt":"2026-04-17T15:18:30","slug":"nescafe-tradicion-85g","status":"publish","type":"product","link":"https:\/\/www.casamercado.store\/anzoategui\/producto\/nescafe-tradicion-85g\/","title":{"rendered":"Nescaf\u00e9 Tradici\u00f3n 85g"},"content":{"rendered":"","protected":false},"excerpt":{"rendered":"<p>Instant\u00e1neo 100% Puro y Soluble<\/p>\n","protected":false},"featured_media":1925,"template":"","meta":[],"product_cat":[16,32],"product_tag":[33],"class_list":{"0":"post-755","1":"product","2":"type-product","3":"status-publish","4":"has-post-thumbnail","6":"product_cat-alimentos","7":"product_cat-bebidas","8":"product_tag-cafe-y-te","9":"pa_marca-nescafe","11":"first","12":"instock","13":"shipping-taxable","14":"purchasable","15":"product-type-simple"},"_links":{"self":[{"href":"https:\/\/www.casamercado.store\/anzoategui\/wp-json\/wp\/v2\/product\/755"}],"collection":[{"href":"https:\/\/www.casamercado.store\/anzoategui\/wp-json\/wp\/v2\/product"}],"about":[{"href":"https:\/\/www.casamercado.store\/anzoategui\/wp-json\/wp\/v2\/types\/product"}],"wp:featuredmedia":[{"embeddable":true,"href":"https:\/\/www.casamercado.store\/anzoategui\/wp-json\/wp\/v2\/media\/1925"}],"wp:attachment":[{"href":"https:\/\/www.casamercado.store\/anzoategui\/wp-json\/wp\/v2\/media?parent=755"}],"wp:term":[{"taxonomy":"product_cat","embeddable":true,"href":"https:\/\/www.casamercado.store\/anzoategui\/wp-json\/wp\/v2\/product_cat?post=755"},{"taxonomy":"product_tag","embeddable":true,"href":"https:\/\/www.casamercado.store\/anzoategui\/wp-json\/wp\/v2\/product_tag?post=755"}],"curies":[{"name":"wp","href":"https:\/\/api.w.org\/{rel}","templated":true}]}}